{"id":1022,"date":"2026-03-22T23:08:25","date_gmt":"2026-03-22T20:08:25","guid":{"rendered":"https:\/\/yarimada.gen.tr\/?page_id=1022"},"modified":"2026-03-30T21:24:10","modified_gmt":"2026-03-30T18:24:10","slug":"hakkimda","status":"publish","type":"page","link":"https:\/\/yarimada.gen.tr\/?page_id=1022","title":{"rendered":"Hakk\u0131mda"},"content":{"rendered":"\n<p>Bu sitede yer alan i\u00e7erikler, teknolojik d\u00f6n\u00fc\u015f\u00fcm ve toplumsal etkileri \u00fczerine farkl\u0131 yay\u0131n organlar\u0131nda yay\u0131mlad\u0131\u011f\u0131m yaz\u0131lar\u0131n bir derlemesi. Daha \u00f6nce bas\u0131l\u0131 ya da dijital dergilerde yer alan bu metinleri, daha eri\u015filebilir k\u0131lmak i\u00e7in burada bir araya getiriyorum.<\/p>\n\n\n\n<p>Her \u015fey \u00e7ok h\u0131zl\u0131 de\u011fi\u015fiyor. Buradaki yaz\u0131lar, bu s\u00fcreci anlamaya \u00e7al\u0131\u015fan birinin notlar\u0131, sorular\u0131 ve zaman zaman teredd\u00fctleri.<\/p>\n\n\n\n<p class=\"has-text-align-right\">\u0130brahim \u0130zlem G\u00d6Z\u00dcKELE\u015e<\/p>\n\n\n\n<p><\/p>\n\n\n\n<p><\/p>\n\n\n\n<h5 class=\"wp-block-heading\">Lisans<\/h5>\n\n\n\n<p>Sitedeki yaz\u0131lar\u0131n bir\u00e7o\u011fu daha \u00f6nce kamuoyuyla payla\u015f\u0131lm\u0131\u015ft\u0131r ve <a href=\"https:\/\/creativecommons.org\/licenses\/by-nd\/4.0\/legalcode\">Creative Commons Attribution-NoDerivs 4.0 license<\/a> ile lisanslanm\u0131\u015ft\u0131r. Kullan\u0131m ve al\u0131nt\u0131 s\u00fcre\u00e7lerinde bu lisans ko\u015fullar\u0131 ge\u00e7erlidir.<\/p>\n\n\n\n<p><\/p>\n","protected":false},"excerpt":{"rendered":"<p>Bu sitede yer alan i\u00e7erikler, teknolojik d\u00f6n\u00fc\u015f\u00fcm ve toplumsal etkileri \u00fczerine farkl\u0131 yay\u0131n organlar\u0131nda yay\u0131mlad\u0131\u011f\u0131m yaz\u0131lar\u0131n bir derlemesi. Daha \u00f6nce bas\u0131l\u0131 ya da dijital dergilerde yer alan bu metinleri, daha eri\u015filebilir k\u0131lmak i\u00e7in burada bir araya getiriyorum. Her \u015fey \u00e7ok h\u0131zl\u0131 de\u011fi\u015fiyor. Buradaki yaz\u0131lar, bu s\u00fcreci anlamaya \u00e7al\u0131\u015fan birinin notlar\u0131, sorular\u0131 ve zaman zaman teredd\u00fctleri. \u0130brahim \u0130zlem G\u00d6Z\u00dcKELE\u015e Lisans Sitedeki yaz\u0131lar\u0131n bir\u00e7o\u011fu daha \u00f6nce kamuoyuyla payla\u015f\u0131lm\u0131\u015ft\u0131r ve Creative Commons Attribution-NoDerivs 4.0 license ile lisanslanm\u0131\u015ft\u0131r. Kullan\u0131m ve al\u0131nt\u0131 s\u00fcre\u00e7lerinde bu lisans ko\u015fullar\u0131 ge\u00e7erlidir.<\/p>\n","protected":false},"author":1,"featured_media":0,"parent":0,"menu_order":0,"comment_status":"closed","ping_status":"closed","template":"","meta":{"footnotes":""},"class_list":["post-1022","page","type-page","status-publish","hentry"],"_links":{"self":[{"href":"https:\/\/yarimada.gen.tr\/index.php?rest_route=\/wp\/v2\/pages\/1022","targetHints":{"allow":["GET"]}}],"collection":[{"href":"https:\/\/yarimada.gen.tr\/index.php?rest_route=\/wp\/v2\/pages"}],"about":[{"href":"https:\/\/yarimada.gen.tr\/index.php?rest_route=\/wp\/v2\/types\/page"}],"author":[{"embeddable":true,"href":"https:\/\/yarimada.gen.tr\/index.php?rest_route=\/wp\/v2\/users\/1"}],"replies":[{"embeddable":true,"href":"https:\/\/yarimada.gen.tr\/index.php?rest_route=%2Fwp%2Fv2%2Fcomments&post=1022"}],"version-history":[{"count":5,"href":"https:\/\/yarimada.gen.tr\/index.php?rest_route=\/wp\/v2\/pages\/1022\/revisions"}],"predecessor-version":[{"id":1046,"href":"https:\/\/yarimada.gen.tr\/index.php?rest_route=\/wp\/v2\/pages\/1022\/revisions\/1046"}],"wp:attachment":[{"href":"https:\/\/yarimada.gen.tr\/index.php?rest_route=%2Fwp%2Fv2%2Fmedia&parent=1022"}],"curies":[{"name":"wp","href":"https:\/\/api.w.org\/{rel}","templated":true}]}}